{"id":374,"date":"2015-03-20T17:29:28","date_gmt":"2015-03-20T16:29:28","guid":{"rendered":"https:\/\/konair.aero\/?page_id=374"},"modified":"2015-05-13T21:07:50","modified_gmt":"2015-05-13T19:07:50","slug":"hangar","status":"publish","type":"page","link":"https:\/\/konair.aero\/?page_id=374","title":{"rendered":"Hangarpl\u00e4tze am Bodensee"},"content":{"rendered":"<p>\nStellpl\u00e4tze f\u00fcr Flugzeuge sind selten und ein entsprechend gesuchtes Gut. Die Flugschule KONAIR m\u00f6chte entgegenwirken und hat sich entschlossen, zur Flugsaison 2015 einen neuen Hangar am Fluplatz Konstanz zu bauen. Der genaue Baufortschritt wird <a href=\"https:\/\/www.facebook.com\/konair.bodensee\" onclick=\"_gaq.push(['_trackEvent', 'Social', 'Facebook', 'Reference']);\" target=\"_blank\">auf unserer Facebook-Seite<\/a> regelm\u00e4ssig aktualisiert. Der neue Hangar bietet f\u00fcr bis zu zehn Maschinen einen attraktiven, modernen Stellplatz:\n<\/p>\n<p><img loading=\"lazy\" decoding=\"async\" src=\"https:\/\/konair.aero\/wp-content\/uploads\/2015\/03\/konair-hangarplan.png\" alt=\"Die neuen Hangarpl\u00e4tze der KONAIR am Fluplatz Konstanz\" width=\"651\" height=\"467\" class=\"size-full wp-image-373\" srcset=\"https:\/\/konair.aero\/wp-content\/uploads\/2015\/03\/konair-hangarplan.png 651w, https:\/\/konair.aero\/wp-content\/uploads\/2015\/03\/konair-hangarplan-300x215.png 300w\" sizes=\"auto, (max-width: 651px) 100vw, 651px\" \/><\/p>\n<p>\nN\u00e4here Informationen zum neuen Hangar finden Sie auch in unserer <a href=\"https:\/\/konair.aero\/wp-content\/uploads\/2015\/03\/konair-park-and-fly.pdf\" onClick=\"_gaq.push(['_trackEvent', 'Downloads', 'PDF', 'Park and Fly']);\" target=\"_blank\">PDF-Brosch\u00fcre &#8222;Park and Fly&#8220;<\/a>.\n<\/p>\n<p>\n<strong>Sie haben Interesse an einem Hangarplatz am Bodensee?<\/strong> Interessenten f\u00fcr Kurz- und Langzeitmiete sind jederzeit willkommen, wir freuen uns auf ein pers\u00f6nliches Gespr\u00e4ch am Platz, Ihren Anruf oder eine Nachricht \u00fcber unser <a href=\"https:\/\/konair.aero\/kontakt\/\">Online-Kontaktformular<\/a>.<\/p>\n","protected":false},"excerpt":{"rendered":"<p>Stellpl\u00e4tze f\u00fcr Flugzeuge sind selten und ein entsprechend gesuchtes Gut. Die Flugschule KONAIR m\u00f6chte entgegenwirken und hat sich entschlossen, zur Flugsaison 2015 einen neuen Hangar am Fluplatz Konstanz zu bauen. Der genaue Baufortschritt wird auf unserer Facebook-Seite regelm\u00e4ssig aktualisiert. Der neue Hangar bietet f\u00fcr bis zu zehn Maschinen einen attraktiven, modernen Stellplatz: N\u00e4here Informationen zum [&hellip;]<\/p>\n","protected":false},"author":1,"featured_media":0,"parent":0,"menu_order":0,"comment_status":"closed","ping_status":"closed","template":"","meta":{"_monsterinsights_skip_tracking":false,"_monsterinsights_sitenote_active":false,"_monsterinsights_sitenote_note":"","_monsterinsights_sitenote_category":0,"footnotes":""},"class_list":["post-374","page","type-page","status-publish","hentry"],"_links":{"self":[{"href":"https:\/\/konair.aero\/index.php?rest_route=\/wp\/v2\/pages\/374","targetHints":{"allow":["GET"]}}],"collection":[{"href":"https:\/\/konair.aero\/index.php?rest_route=\/wp\/v2\/pages"}],"about":[{"href":"https:\/\/konair.aero\/index.php?rest_route=\/wp\/v2\/types\/page"}],"author":[{"embeddable":true,"href":"https:\/\/konair.aero\/index.php?rest_route=\/wp\/v2\/users\/1"}],"replies":[{"embeddable":true,"href":"https:\/\/konair.aero\/index.php?rest_route=%2Fwp%2Fv2%2Fcomments&post=374"}],"version-history":[{"count":17,"href":"https:\/\/konair.aero\/index.php?rest_route=\/wp\/v2\/pages\/374\/revisions"}],"predecessor-version":[{"id":434,"href":"https:\/\/konair.aero\/index.php?rest_route=\/wp\/v2\/pages\/374\/revisions\/434"}],"wp:attachment":[{"href":"https:\/\/konair.aero\/index.php?rest_route=%2Fwp%2Fv2%2Fmedia&parent=374"}],"curies":[{"name":"wp","href":"https:\/\/api.w.org\/{rel}","templated":true}]}}