{"id":53,"date":"2014-06-02T17:18:47","date_gmt":"2014-06-02T15:18:47","guid":{"rendered":"https:\/\/konair.aero\/?page_id=53"},"modified":"2021-02-23T18:34:54","modified_gmt":"2021-02-23T17:34:54","slug":"flotte","status":"publish","type":"page","link":"https:\/\/konair.aero\/?page_id=53","title":{"rendered":"Unsere Flotte"},"content":{"rendered":"<p>KONAIR hat es sich zur Aufgabe gemacht, allen Fliegern in der Bodenseeregion von der Ausbildung bis hin zur Aus\u00fcbung der Fliegerei eine zeitgem\u00e4sse Infrastruktur zu bieten. Interessierten Flugsch\u00fclern und Piloten wird eine eigene Flugzeugflotte bereitgestellt. Voraussetzung zum Chartern ist ein j\u00e4hrlicher Checkflug mit einem unserer Fluglehrer. <a href=\"https:\/\/konair.aero\/kontakt\/\" title=\"Kontakt\">Kontaktieren Sie uns<\/a> f\u00fcr n\u00e4here Informationen zu Schulung, Charter oder Preisgestaltung.<\/p>\n<h2>Piper PA28-161 (Warrior II)&nbsp;D-ENPA<\/h2>\n<div id=\"envira-gallery-wrap-86\" class=\"envira-gallery-wrap envira-gallery-theme-base envira-lightbox-theme-base\" itemscope itemtype=\"https:\/\/schema.org\/ImageGallery\"><div data-row-height=\"\" data-gallery-theme=\"\" id=\"envira-gallery-86\" class=\"envira-gallery-public  envira-gallery-2-columns envira-clear enviratope envira-gallery-css-animations\" data-envira-columns=\"2\"><div id=\"envira-gallery-item-88\" class=\"envira-gallery-item enviratope-item envira-gallery-item-1\" style=\"padding-left: 5px; padding-bottom: 10px; padding-right: 5px;\"  itemscope itemtype=\"https:\/\/schema.org\/ImageObject\"><div class=\"envira-gallery-item-inner\"><div class=\"envira-gallery-position-overlay  envira-gallery-top-left\"><\/div><div class=\"envira-gallery-position-overlay  envira-gallery-top-right\"><\/div><div class=\"envira-gallery-position-overlay  envira-gallery-bottom-left\"><\/div><div class=\"envira-gallery-position-overlay  envira-gallery-bottom-right\"><\/div><a href=\"https:\/\/konair.aero\/wp-content\/uploads\/2014\/06\/denpa.jpg\" class=\"envira-gallery-86 envira-gallery-link\" rel=\"enviragallery86\" title=\"DENPA\" data-envira-caption=\"DENPA\" data-envira-retina=\"\" data-thumbnail=\"\"  itemprop=\"contentUrl\"><div class=\"envira-lazy\" data-test-width=\"960\" data-test-height=\"300\" style=\"padding-bottom:31.25%;\"><img decoding=\"async\" id=\"envira-gallery-image-88\" class=\"envira-gallery-image envira-gallery-image-1\" data-envira-index=\"1\" src=\"https:\/\/konair.aero\/wp-content\/uploads\/2014\/06\/denpa-960x300.jpg\" data-envira-src=\"https:\/\/konair.aero\/wp-content\/uploads\/2014\/06\/denpa-960x300.jpg\" data-envira-gallery-id=\"86\" data-envira-item-id=\"88\" data-envira-caption=\"DENPA\" alt=\"\" title=\"DENPA\"  itemprop=\"thumbnailUrl\" data-envira-srcset=\"https:\/\/konair.aero\/wp-content\/uploads\/2014\/06\/denpa-960x300.jpg 400w,https:\/\/konair.aero\/wp-content\/uploads\/2014\/06\/denpa-960x300.jpg 2x\" srcset=\"data:image\/gif;base64,R0lGODlhAQABAIAAAP\/\/\/\/\/\/\/yH5BAEKAAEALAAAAAABAAEAAAICTAEAOw==\" \/><\/div><\/a><\/div><\/div><div id=\"envira-gallery-item-89\" class=\"envira-gallery-item enviratope-item envira-gallery-item-2\" style=\"padding-left: 5px; padding-bottom: 10px; padding-right: 5px;\"  itemscope itemtype=\"https:\/\/schema.org\/ImageObject\"><div class=\"envira-gallery-item-inner\"><div class=\"envira-gallery-position-overlay  envira-gallery-top-left\"><\/div><div class=\"envira-gallery-position-overlay  envira-gallery-top-right\"><\/div><div class=\"envira-gallery-position-overlay  envira-gallery-bottom-left\"><\/div><div class=\"envira-gallery-position-overlay  envira-gallery-bottom-right\"><\/div><a href=\"https:\/\/konair.aero\/wp-content\/uploads\/2014\/06\/denpa-cockpit1.jpg\" class=\"envira-gallery-86 envira-gallery-link\" rel=\"enviragallery86\" title=\"DENPA-Cockpit\" data-envira-caption=\"DENPA-Cockpit\" data-envira-retina=\"\" data-thumbnail=\"\"  itemprop=\"contentUrl\"><div class=\"envira-lazy\" data-test-width=\"960\" data-test-height=\"300\" style=\"padding-bottom:31.25%;\"><img decoding=\"async\" id=\"envira-gallery-image-89\" class=\"envira-gallery-image envira-gallery-image-2\" data-envira-index=\"2\" src=\"https:\/\/konair.aero\/wp-content\/uploads\/2014\/06\/denpa-cockpit1-960x300.jpg\" data-envira-src=\"https:\/\/konair.aero\/wp-content\/uploads\/2014\/06\/denpa-cockpit1-960x300.jpg\" data-envira-gallery-id=\"86\" data-envira-item-id=\"89\" data-envira-caption=\"DENPA-Cockpit\" alt=\"\" title=\"DENPA-Cockpit\"  itemprop=\"thumbnailUrl\" data-envira-srcset=\"https:\/\/konair.aero\/wp-content\/uploads\/2014\/06\/denpa-cockpit1-960x300.jpg 400w,https:\/\/konair.aero\/wp-content\/uploads\/2014\/06\/denpa-cockpit1-960x300.jpg 2x\" srcset=\"data:image\/gif;base64,R0lGODlhAQABAIAAAP\/\/\/\/\/\/\/yH5BAEKAAEALAAAAAABAAEAAAICTAEAOw==\" \/><\/div><\/a><\/div><\/div><\/div><\/div><noscript><img decoding=\"async\" src=\"https:\/\/konair.aero\/wp-content\/uploads\/2014\/06\/denpa.jpg\" alt=\"\" \/><img decoding=\"async\" src=\"https:\/\/konair.aero\/wp-content\/uploads\/2014\/06\/denpa-cockpit1.jpg\" alt=\"\" \/><\/noscript>\n<table class=\"table table-bordered\">\n<tbody>\n<tr>\n<th>Bauart<\/th>\n<td>4-sitziger Tiefdecker<\/td>\n<\/tr>\n<tr>\n<th>Baujahr<\/th>\n<td>1986<\/td>\n<\/tr>\n<tr>\n<th>MTOW<\/th>\n<td>1055 kg<\/td>\n<\/tr>\n<tr>\n<th>Motorleistung<\/th>\n<td>160 PS<\/td>\n<\/tr>\n<tr>\n<th>Ausr\u00fcstung<\/th>\n<td>VFR (NIT), Mode S<\/td>\n<\/tr>\n<\/tbody>\n<\/table>\n<h2>Ikarus C42-B (Schulungsflugzeug) D-MLKA<\/h2>\n<div id=\"envira-gallery-wrap-783\" class=\"envira-gallery-wrap envira-gallery-theme-base envira-lightbox-theme-base\" itemscope itemtype=\"https:\/\/schema.org\/ImageGallery\"><div data-row-height=\"\" data-gallery-theme=\"\" id=\"envira-gallery-783\" class=\"envira-gallery-public  envira-gallery-2-columns envira-clear enviratope envira-gallery-css-animations\" data-envira-columns=\"2\"><div id=\"envira-gallery-item-795\" class=\"envira-gallery-item enviratope-item envira-gallery-item-1\" style=\"padding-left: 5px; padding-bottom: 10px; padding-right: 5px;\"  itemscope itemtype=\"https:\/\/schema.org\/ImageObject\"><div class=\"envira-gallery-item-inner\"><div class=\"envira-gallery-position-overlay  envira-gallery-top-left\"><\/div><div class=\"envira-gallery-position-overlay  envira-gallery-top-right\"><\/div><div class=\"envira-gallery-position-overlay  envira-gallery-bottom-left\"><\/div><div class=\"envira-gallery-position-overlay  envira-gallery-bottom-right\"><\/div><a href=\"https:\/\/konair.aero\/wp-content\/uploads\/2021\/02\/d_mlka-3.jpg\" class=\"envira-gallery-783 envira-gallery-link\" rel=\"enviragallery783\" title=\"D_MLKA\" data-envira-caption=\"D_MLKA\" data-envira-retina=\"\" data-thumbnail=\"\"  itemprop=\"contentUrl\"><img decoding=\"async\" id=\"envira-gallery-image-795\" class=\"envira-gallery-image envira-gallery-image-1\" data-envira-index=\"1\" src=\"https:\/\/konair.aero\/wp-content\/uploads\/2021\/02\/d_mlka-3.jpg\" data-envira-src=\"https:\/\/konair.aero\/wp-content\/uploads\/2021\/02\/d_mlka-3.jpg\" data-envira-gallery-id=\"783\" data-envira-item-id=\"795\" data-envira-caption=\"D_MLKA\" alt=\"\" title=\"D_MLKA\"  itemprop=\"thumbnailUrl\" data-envira-srcset=\"https:\/\/konair.aero\/wp-content\/uploads\/2021\/02\/d_mlka-3.jpg 400w,https:\/\/konair.aero\/wp-content\/uploads\/2021\/02\/d_mlka-3.jpg 2x\" srcset=\"https:\/\/konair.aero\/wp-content\/uploads\/2021\/02\/d_mlka-3-1536x1152.jpg 2x\" \/><\/a><\/div><\/div><div id=\"envira-gallery-item-801\" class=\"envira-gallery-item enviratope-item envira-gallery-item-2\" style=\"padding-left: 5px; padding-bottom: 10px; padding-right: 5px;\"  itemscope itemtype=\"https:\/\/schema.org\/ImageObject\"><div class=\"envira-gallery-item-inner\"><div class=\"envira-gallery-position-overlay  envira-gallery-top-left\"><\/div><div class=\"envira-gallery-position-overlay  envira-gallery-top-right\"><\/div><div class=\"envira-gallery-position-overlay  envira-gallery-bottom-left\"><\/div><div class=\"envira-gallery-position-overlay  envira-gallery-bottom-right\"><\/div><a href=\"https:\/\/konair.aero\/wp-content\/uploads\/2021\/02\/foto_dmlka_cockpit.jpg\" class=\"envira-gallery-783 envira-gallery-link\" rel=\"enviragallery783\" title=\"Foto_DMLKA_Cockpit\" data-envira-caption=\"Foto_DMLKA_Cockpit\" data-envira-retina=\"\" data-thumbnail=\"\"  itemprop=\"contentUrl\"><img decoding=\"async\" id=\"envira-gallery-image-801\" class=\"envira-gallery-image envira-gallery-image-2\" data-envira-index=\"2\" src=\"https:\/\/konair.aero\/wp-content\/uploads\/2021\/02\/foto_dmlka_cockpit-768x556.jpg\" data-envira-src=\"https:\/\/konair.aero\/wp-content\/uploads\/2021\/02\/foto_dmlka_cockpit-768x556.jpg\" data-envira-gallery-id=\"783\" data-envira-item-id=\"801\" data-envira-caption=\"Foto_DMLKA_Cockpit\" alt=\"\" title=\"Foto_DMLKA_Cockpit\"  itemprop=\"thumbnailUrl\" data-envira-srcset=\"https:\/\/konair.aero\/wp-content\/uploads\/2021\/02\/foto_dmlka_cockpit-768x556.jpg 400w,https:\/\/konair.aero\/wp-content\/uploads\/2021\/02\/foto_dmlka_cockpit-768x556.jpg 2x\" srcset=\"https:\/\/konair.aero\/wp-content\/uploads\/2021\/02\/foto_dmlka_cockpit-1536x1110.jpg 2x\" \/><\/a><\/div><\/div><\/div><\/div><noscript><img decoding=\"async\" src=\"https:\/\/konair.aero\/wp-content\/uploads\/2021\/02\/d_mlka-3.jpg\" alt=\"\" \/><img decoding=\"async\" src=\"https:\/\/konair.aero\/wp-content\/uploads\/2021\/02\/foto_dmlka_cockpit.jpg\" alt=\"\" \/><\/noscript>\n<table class=\"table table-bordered\">\n<tbody>\n<tr>\n<th>Bauart<\/th>\n<td>2-sitziger Hochdecker<\/td>\n<\/tr>\n<tr>\n<th>Baujahr<\/th>\n<td>2020<\/td>\n<\/tr>\n<tr>\n<th>MTOW<\/th>\n<td>472,5 kg auf 560 kg (inkl. Rettungsger\u00e4t)<\/td>\n<\/tr>\n<tr>\n<th>Motorleistung<\/th>\n<td>100 PS<\/td>\n<\/tr>\n<tr>\n<th>Ausr\u00fcstung<\/th>\n<td>VFR, Mode S, GPS<\/td>\n<\/tr>\n<\/tbody>\n<\/table>\n<p>&nbsp;<\/p>\n<h2>B.O.T. Aircraft SC07 (Speed Cruiser) D-MBKO<\/h2>\n<div id=\"envira-gallery-wrap-405\" class=\"envira-gallery-wrap envira-gallery-theme-base envira-lightbox-theme-base\" itemscope itemtype=\"https:\/\/schema.org\/ImageGallery\"><div data-row-height=\"\" data-gallery-theme=\"\" id=\"envira-gallery-405\" class=\"envira-gallery-public  envira-gallery-2-columns envira-clear enviratope envira-gallery-css-animations\" data-envira-columns=\"2\"><div id=\"envira-gallery-item-406\" class=\"envira-gallery-item enviratope-item envira-gallery-item-1\" style=\"padding-left: 5px; padding-bottom: 10px; padding-right: 5px;\"  itemscope itemtype=\"https:\/\/schema.org\/ImageObject\"><div class=\"envira-gallery-item-inner\"><div class=\"envira-gallery-position-overlay  envira-gallery-top-left\"><\/div><div class=\"envira-gallery-position-overlay  envira-gallery-top-right\"><\/div><div class=\"envira-gallery-position-overlay  envira-gallery-bottom-left\"><\/div><div class=\"envira-gallery-position-overlay  envira-gallery-bottom-right\"><\/div><a href=\"https:\/\/konair.aero\/wp-content\/uploads\/2015\/03\/dmbko.jpg\" class=\"envira-gallery-405 envira-gallery-link\" rel=\"enviragallery405\" title=\"DMBKO\" data-envira-caption=\"DMBKO\" data-envira-retina=\"\" data-thumbnail=\"\"  itemprop=\"contentUrl\"><div class=\"envira-lazy\" data-test-width=\"960\" data-test-height=\"300\" style=\"padding-bottom:31.25%;\"><img decoding=\"async\" id=\"envira-gallery-image-406\" class=\"envira-gallery-image envira-gallery-image-1\" data-envira-index=\"1\" src=\"https:\/\/konair.aero\/wp-content\/uploads\/2015\/03\/dmbko-1024x680-960x300.jpg\" data-envira-src=\"https:\/\/konair.aero\/wp-content\/uploads\/2015\/03\/dmbko-1024x680-960x300.jpg\" data-envira-gallery-id=\"405\" data-envira-item-id=\"406\" data-envira-caption=\"DMBKO\" alt=\"\" title=\"DMBKO\"  itemprop=\"thumbnailUrl\" data-envira-srcset=\"https:\/\/konair.aero\/wp-content\/uploads\/2015\/03\/dmbko-1024x680-960x300.jpg 400w,https:\/\/konair.aero\/wp-content\/uploads\/2015\/03\/dmbko-1024x680-960x300.jpg 2x\" srcset=\"data:image\/gif;base64,R0lGODlhAQABAIAAAP\/\/\/\/\/\/\/yH5BAEKAAEALAAAAAABAAEAAAICTAEAOw==\" \/><\/div><\/a><\/div><\/div><div id=\"envira-gallery-item-407\" class=\"envira-gallery-item enviratope-item envira-gallery-item-2\" style=\"padding-left: 5px; padding-bottom: 10px; padding-right: 5px;\"  itemscope itemtype=\"https:\/\/schema.org\/ImageObject\"><div class=\"envira-gallery-item-inner\"><div class=\"envira-gallery-position-overlay  envira-gallery-top-left\"><\/div><div class=\"envira-gallery-position-overlay  envira-gallery-top-right\"><\/div><div class=\"envira-gallery-position-overlay  envira-gallery-bottom-left\"><\/div><div class=\"envira-gallery-position-overlay  envira-gallery-bottom-right\"><\/div><a href=\"https:\/\/konair.aero\/wp-content\/uploads\/2015\/03\/dmbko-cockpit.jpg\" class=\"envira-gallery-405 envira-gallery-link\" rel=\"enviragallery405\" title=\"DMBKO-Cockpit\" data-envira-caption=\"DMBKO-Cockpit\" data-envira-retina=\"\" data-thumbnail=\"\"  itemprop=\"contentUrl\"><div class=\"envira-lazy\" data-test-width=\"960\" data-test-height=\"300\" style=\"padding-bottom:31.25%;\"><img decoding=\"async\" id=\"envira-gallery-image-407\" class=\"envira-gallery-image envira-gallery-image-2\" data-envira-index=\"2\" src=\"https:\/\/konair.aero\/wp-content\/uploads\/2015\/03\/dmbko-cockpit-1024x678-960x300.jpg\" data-envira-src=\"https:\/\/konair.aero\/wp-content\/uploads\/2015\/03\/dmbko-cockpit-1024x678-960x300.jpg\" data-envira-gallery-id=\"405\" data-envira-item-id=\"407\" data-envira-caption=\"DMBKO-Cockpit\" alt=\"\" title=\"DMBKO-Cockpit\"  itemprop=\"thumbnailUrl\" data-envira-srcset=\"https:\/\/konair.aero\/wp-content\/uploads\/2015\/03\/dmbko-cockpit-1024x678-960x300.jpg 400w,https:\/\/konair.aero\/wp-content\/uploads\/2015\/03\/dmbko-cockpit-1024x678-960x300.jpg 2x\" srcset=\"data:image\/gif;base64,R0lGODlhAQABAIAAAP\/\/\/\/\/\/\/yH5BAEKAAEALAAAAAABAAEAAAICTAEAOw==\" \/><\/div><\/a><\/div><\/div><\/div><\/div><noscript><img decoding=\"async\" src=\"https:\/\/konair.aero\/wp-content\/uploads\/2015\/03\/dmbko.jpg\" alt=\"\" \/><img decoding=\"async\" src=\"https:\/\/konair.aero\/wp-content\/uploads\/2015\/03\/dmbko-cockpit.jpg\" alt=\"\" \/><\/noscript>\n<table class=\"table table-bordered\">\n<tbody>\n<tr>\n<th>Bauart<\/th>\n<td>2-sitziger Hochdecker<\/td>\n<\/tr>\n<tr>\n<th>Baujahr<\/th>\n<td>2011<\/td>\n<\/tr>\n<tr>\n<th>MTOW<\/th>\n<td>472,5 kg (inkl. Rettungsger\u00e4t)<\/td>\n<\/tr>\n<tr>\n<th>Motorleistung<\/th>\n<td>100 PS<\/td>\n<\/tr>\n<tr>\n<th>Ausr\u00fcstung<\/th>\n<td>VFR (NIT), Mode S, GPS, Glascockpit<\/td>\n<\/tr>\n<\/tbody>\n<\/table>\n<p>KONAIR \u00fcbernimmt f\u00fcr <a href=\"http:\/\/www.bot-aircraft.com\" target=\"_blank\" rel=\"noopener noreferrer\">B.O.T. Aircraft<\/a> den regionalen Vertrieb des SC07 Speed Cruisers. <a href=\"https:\/\/konair.aero\/kontakt\/\" title=\"Kontakt\">Kontaktieren Sie uns<\/a> f\u00fcr einen Probeflug, Charterm\u00f6glichkeiten und weitere Informationen.<\/p>\n","protected":false},"excerpt":{"rendered":"<p>KONAIR hat es sich zur Aufgabe gemacht, allen Fliegern in der Bodenseeregion von der Ausbildung bis hin zur Aus\u00fcbung der Fliegerei eine zeitgem\u00e4sse Infrastruktur zu bieten. Interessierten Flugsch\u00fclern und Piloten wird eine eigene Flugzeugflotte bereitgestellt. Voraussetzung zum Chartern ist ein j\u00e4hrlicher Checkflug mit einem unserer Fluglehrer. Kontaktieren Sie uns f\u00fcr n\u00e4here Informationen zu Schulung, Charter [&hellip;]<\/p>\n","protected":false},"author":1,"featured_media":0,"parent":0,"menu_order":0,"comment_status":"closed","ping_status":"closed","template":"","meta":{"_monsterinsights_skip_tracking":false,"_monsterinsights_sitenote_active":false,"_monsterinsights_sitenote_note":"","_monsterinsights_sitenote_category":0,"footnotes":""},"class_list":["post-53","page","type-page","status-publish","hentry"],"_links":{"self":[{"href":"https:\/\/konair.aero\/index.php?rest_route=\/wp\/v2\/pages\/53","targetHints":{"allow":["GET"]}}],"collection":[{"href":"https:\/\/konair.aero\/index.php?rest_route=\/wp\/v2\/pages"}],"about":[{"href":"https:\/\/konair.aero\/index.php?rest_route=\/wp\/v2\/types\/page"}],"author":[{"embeddable":true,"href":"https:\/\/konair.aero\/index.php?rest_route=\/wp\/v2\/users\/1"}],"replies":[{"embeddable":true,"href":"https:\/\/konair.aero\/index.php?rest_route=%2Fwp%2Fv2%2Fcomments&post=53"}],"version-history":[{"count":13,"href":"https:\/\/konair.aero\/index.php?rest_route=\/wp\/v2\/pages\/53\/revisions"}],"predecessor-version":[{"id":785,"href":"https:\/\/konair.aero\/index.php?rest_route=\/wp\/v2\/pages\/53\/revisions\/785"}],"wp:attachment":[{"href":"https:\/\/konair.aero\/index.php?rest_route=%2Fwp%2Fv2%2Fmedia&parent=53"}],"curies":[{"name":"wp","href":"https:\/\/api.w.org\/{rel}","templated":true}]}}